{"id":290,"date":"2014-09-28T16:44:16","date_gmt":"2014-09-28T16:44:16","guid":{"rendered":"http:\/\/godcares.vereins-hosting.de\/?page_id=290"},"modified":"2019-10-08T19:12:20","modified_gmt":"2019-10-08T19:12:20","slug":"aktuelle-veranstaltungen","status":"publish","type":"page","link":"https:\/\/godcares.de\/index.php\/aktuelle-veranstaltungen\/","title":{"rendered":"Projektreisen"},"content":{"rendered":"<p>Unser Dienst ist w\u00e4hrend der vergangenen Jahre stetig gewachsen. Uns ist es wichtig, regelm\u00e4\u00dfig vor Ort zu sein, die Projekte zu besuchen und die Beziehungen zu den Menschen zu pflegen. So sind \u00fcber die Jahre viele sch\u00f6ne Beziehungen und Freundschaften entstanden.<\/p>\n<p>Daher f\u00fchren wir jedes Jahr Projektreisen durch. Die r\u00e4umlichen Distanzen zu den einzelnen Orten betragen zum Teil mehrere hundert Kilometer. Bei unseren Reisen sind wir auf die verschiedensten Verkehrsmittel angewiesen. Wir reisen per Bus, Auto, Schiff, Motorbikes und Flugzeug. So ist die Region mittlerweile f\u00fcr uns zu einer \u201ezweiten Heimat\u201c geworden.<\/p>\n<p>&nbsp;<\/p>\n<p>Hier unten einige Imressionen unserer Projektreisen !!! ( Bild anklicken)<\/p>\nngg_shortcode_0_placeholder\n<h3 style=\"text-align: center;\">Projektreise 2019<\/h3>\n<p><a href=\"http:\/\/godcares.de\/wp-content\/uploads\/2019\/10\/Reiseroute-2019.jpg\"><img loading=\"lazy\" decoding=\"async\" width=\"754\" height=\"512\" class=\"aligncenter  wp-image-1240\" alt=\"\" src=\"http:\/\/godcares.de\/wp-content\/uploads\/2019\/10\/Reiseroute-2019-1024x695.jpg\" srcset=\"https:\/\/godcares.de\/wp-content\/uploads\/2019\/10\/Reiseroute-2019-1024x695.jpg 1024w, https:\/\/godcares.de\/wp-content\/uploads\/2019\/10\/Reiseroute-2019-300x204.jpg 300w, https:\/\/godcares.de\/wp-content\/uploads\/2019\/10\/Reiseroute-2019-768x521.jpg 768w, https:\/\/godcares.de\/wp-content\/uploads\/2019\/10\/Reiseroute-2019-830x563.jpg 830w, https:\/\/godcares.de\/wp-content\/uploads\/2019\/10\/Reiseroute-2019-230x156.jpg 230w, https:\/\/godcares.de\/wp-content\/uploads\/2019\/10\/Reiseroute-2019-350x238.jpg 350w, https:\/\/godcares.de\/wp-content\/uploads\/2019\/10\/Reiseroute-2019-480x326.jpg 480w, https:\/\/godcares.de\/wp-content\/uploads\/2019\/10\/Reiseroute-2019.jpg 1080w\" sizes=\"auto, (max-width: 754px) 100vw, 754px\" \/><\/a><\/p>\n<h3 style=\"text-align: center;\">Projektreise 2017&nbsp;<\/h3>\n<div id=\"attachment_896\" style=\"width: 524px\" class=\"wp-caption aligncenter\"><a href=\"http:\/\/godcares.de\/wp-content\/uploads\/2014\/09\/reiseverlauf-2017-jpg.jpg\"><img loading=\"lazy\" decoding=\"async\" aria-describedby=\"caption-attachment-896\" width=\"514\" height=\"283\" class=\"wp-image-896\" src=\"http:\/\/godcares.de\/wp-content\/uploads\/2014\/09\/reiseverlauf-2017-jpg.jpg\" srcset=\"https:\/\/godcares.de\/wp-content\/uploads\/2014\/09\/reiseverlauf-2017-jpg.jpg 984w, https:\/\/godcares.de\/wp-content\/uploads\/2014\/09\/reiseverlauf-2017-jpg-300x165.jpg 300w, https:\/\/godcares.de\/wp-content\/uploads\/2014\/09\/reiseverlauf-2017-jpg-768x423.jpg 768w, https:\/\/godcares.de\/wp-content\/uploads\/2014\/09\/reiseverlauf-2017-jpg-830x457.jpg 830w, https:\/\/godcares.de\/wp-content\/uploads\/2014\/09\/reiseverlauf-2017-jpg-230x127.jpg 230w, https:\/\/godcares.de\/wp-content\/uploads\/2014\/09\/reiseverlauf-2017-jpg-350x193.jpg 350w, https:\/\/godcares.de\/wp-content\/uploads\/2014\/09\/reiseverlauf-2017-jpg-480x264.jpg 480w\" sizes=\"auto, (max-width: 514px) 100vw, 514px\" \/><\/a><p id=\"caption-attachment-896\" class=\"wp-caption-text\">Routenverlauf der Projektreise v. 16.02.-13.03.2017<\/p><\/div>\n<p>&nbsp;<\/p>\n<h3 style=\"text-align: center;\">Projektreisen 2016&nbsp;<\/h3>\n<div style=\"width: 509px\" class=\"wp-caption aligncenter\"><a href=\"http:\/\/godcares.de\/wp-content\/uploads\/2014\/09\/reiseverlauf-2016-3.png\" target=\"_blank\" rel=\"noopener noreferrer\"><img loading=\"lazy\" decoding=\"async\" width=\"499\" height=\"282\" class=\"wp-image-377\" src=\"http:\/\/godcares.de\/wp-content\/uploads\/2014\/09\/reiseverlauf-2016-3.png\" srcset=\"https:\/\/godcares.de\/wp-content\/uploads\/2014\/09\/reiseverlauf-2016-3.png 987w, https:\/\/godcares.de\/wp-content\/uploads\/2014\/09\/reiseverlauf-2016-3-300x169.png 300w, https:\/\/godcares.de\/wp-content\/uploads\/2014\/09\/reiseverlauf-2016-3-768x433.png 768w, https:\/\/godcares.de\/wp-content\/uploads\/2014\/09\/reiseverlauf-2016-3-600x339.png 600w\" sizes=\"auto, (max-width: 499px) 100vw, 499px\" \/><\/a><p class=\"wp-caption-text\">Route der Projektreise 2016<br><dd class=\"wp-caption-dd\"><\/p><\/div>\n<p>&nbsp;<\/p>\n<p>&nbsp;<\/p>\n<div id=\"attachment_380\" style=\"width: 510px\" class=\"wp-caption aligncenter\"><a href=\"http:\/\/godcares.de\/wp-content\/uploads\/2014\/09\/patenreise-2016.png\" target=\"_blank\" rel=\"noopener noreferrer\"><img loading=\"lazy\" decoding=\"async\" aria-describedby=\"caption-attachment-380\" width=\"500\" height=\"388\" class=\"wp-image-380\" src=\"http:\/\/godcares.de\/wp-content\/uploads\/2014\/09\/patenreise-2016.png\" srcset=\"https:\/\/godcares.de\/wp-content\/uploads\/2014\/09\/patenreise-2016.png 681w, https:\/\/godcares.de\/wp-content\/uploads\/2014\/09\/patenreise-2016-300x233.png 300w, https:\/\/godcares.de\/wp-content\/uploads\/2014\/09\/patenreise-2016-600x466.png 600w\" sizes=\"auto, (max-width: 500px) 100vw, 500px\" \/><\/a><p id=\"caption-attachment-380\" class=\"wp-caption-text\">Route der Patenelternreise 2016<\/p><\/div>\n<p>&nbsp;<\/p>\n<p style=\"text-align: left;\"><strong><em>&nbsp;<\/em><\/strong><\/p>\n<p><a href=\"http:\/\/godcares.de\/wp-content\/uploads\/2014\/09\/reiseverlauf-2016-3.png\" target=\"_blank\" rel=\"attachment noopener wp-att-377 noreferrer\">&nbsp;<\/a><\/p>\n<p>&nbsp;<\/p>\n<p>&nbsp;<\/p>\n<p>&nbsp;<\/p>\n<p>&nbsp;<\/p>\n<p>&nbsp;<\/p>\n<p>&nbsp;<\/p>\n<p>&nbsp;<\/p>\n<p>&nbsp;<\/p>\n<p>&nbsp;<\/p>\n<p>&nbsp;<\/p>\n<p>&nbsp;<\/p>\n<p>&nbsp;<\/p>\n<p style=\"text-align: left;\"><strong><span style=\"color: #000000;\"><b>&nbsp;<\/b><\/span><\/strong><\/p>\n<p><a href=\"http:\/\/godcares.de\/wp-content\/uploads\/2014\/09\/patenreise-2016.png\" rel=\"attachment wp-att-380\">&nbsp;<\/a><\/p>\n<p>&nbsp;<\/p>\n<p>&nbsp;<\/p>\n<p>&nbsp;<\/p>\n<p>&nbsp;<\/p><\/dd>\n\n\n<p><\/p>\n","protected":false},"excerpt":{"rendered":"<p>Unser Dienst ist w\u00e4hrend der vergangenen Jahre stetig gewachsen. Uns ist es wichtig, regelm\u00e4\u00dfig vor Ort zu sein, die Projekte&hellip;<\/p>\n","protected":false},"author":1,"featured_media":0,"parent":0,"menu_order":0,"comment_status":"closed","ping_status":"closed","template":"","meta":{"ngg_post_thumbnail":0,"footnotes":""},"class_list":["post-290","page","type-page","status-publish","hentry"],"_links":{"self":[{"href":"https:\/\/godcares.de\/index.php\/wp-json\/wp\/v2\/pages\/290","targetHints":{"allow":["GET"]}}],"collection":[{"href":"https:\/\/godcares.de\/index.php\/wp-json\/wp\/v2\/pages"}],"about":[{"href":"https:\/\/godcares.de\/index.php\/wp-json\/wp\/v2\/types\/page"}],"author":[{"embeddable":true,"href":"https:\/\/godcares.de\/index.php\/wp-json\/wp\/v2\/users\/1"}],"replies":[{"embeddable":true,"href":"https:\/\/godcares.de\/index.php\/wp-json\/wp\/v2\/comments?post=290"}],"version-history":[{"count":0,"href":"https:\/\/godcares.de\/index.php\/wp-json\/wp\/v2\/pages\/290\/revisions"}],"wp:attachment":[{"href":"https:\/\/godcares.de\/index.php\/wp-json\/wp\/v2\/media?parent=290"}],"curies":[{"name":"wp","href":"https:\/\/api.w.org\/{rel}","templated":true}]}}