{"id":2,"date":"2012-05-02T07:58:29","date_gmt":"2012-05-02T07:58:29","guid":{"rendered":"http:\/\/godcares.vereins-hosting.de\/?page_id=2"},"modified":"2026-02-21T10:10:06","modified_gmt":"2026-02-21T10:10:06","slug":"beispiel-seite","status":"publish","type":"page","link":"https:\/\/godcares.de\/","title":{"rendered":"\u00dcber uns"},"content":{"rendered":"<h3><strong><span style=\"color: #000000;\">Willkommen auf der Homepage von God Cares e.V.<\/span><\/strong><strong><span style=\"color: #000000;\"><a href=\"http:\/\/godcares.de\/wp-content\/uploads\/2016\/12\/cropped-logo-1.jpg\"><img loading=\"lazy\" decoding=\"async\" class=\"wp-image-1039 alignright\" src=\"http:\/\/godcares.de\/wp-content\/uploads\/2016\/12\/cropped-logo-1.jpg\" alt=\"\" width=\"96\" height=\"96\" srcset=\"https:\/\/godcares.de\/wp-content\/uploads\/2016\/12\/cropped-logo-1.jpg 462w, https:\/\/godcares.de\/wp-content\/uploads\/2016\/12\/cropped-logo-1-150x150.jpg 150w, https:\/\/godcares.de\/wp-content\/uploads\/2016\/12\/cropped-logo-1-300x300.jpg 300w, https:\/\/godcares.de\/wp-content\/uploads\/2016\/12\/cropped-logo-1-230x230.jpg 230w, https:\/\/godcares.de\/wp-content\/uploads\/2016\/12\/cropped-logo-1-350x350.jpg 350w\" sizes=\"auto, (max-width: 96px) 100vw, 96px\" \/><\/a><\/span><\/strong><\/h3>\n<p><strong><a href=\"https:\/\/godcares.de\/wp-content\/uploads\/2012\/05\/haende.jpg\" target=\"_blank\" rel=\"noopener noreferrer\"><img loading=\"lazy\" decoding=\"async\" class=\"wp-image-202 alignleft\" src=\"https:\/\/godcares.de\/wp-content\/uploads\/2012\/05\/haende.jpg\" alt=\"H\u00e4nde\" width=\"532\" height=\"399\" srcset=\"https:\/\/godcares.de\/wp-content\/uploads\/2012\/05\/haende.jpg 320w, https:\/\/godcares.de\/wp-content\/uploads\/2012\/05\/haende-300x225.jpg 300w\" sizes=\"auto, (max-width: 532px) 100vw, 532px\" \/><\/a><\/strong><\/p>\n<p>&nbsp;<\/p>\n<p>&nbsp;<\/p>\n<p>&nbsp;<\/p>\n<p>&nbsp;<\/p>\n<p>&nbsp;<\/p>\n<p>&nbsp;<\/p>\n<p>&nbsp;<\/p>\n<p>&nbsp;<\/p>\n<p>&nbsp;<\/p>\n<p>&nbsp;<\/p>\n<p>&nbsp;<\/p>\n<p>God Cares e.V. ist ein christlicher, \u00fcberkonfessioneller Verein, der im Gebiet der Gro\u00dfen Afrikanischen Seen aktiv ist. Der Verein wurde im November 2005 gegr\u00fcndet&nbsp;und hat seinen Sitz in Fulda.<\/p>\n<h6>&nbsp;<\/h6>\n<h6><span style=\"color: #000000;\">Aktuelle Termine:<\/span><\/h6>\n<ul>\n<li>Unsere Projektreise 2026\n<ul>\n<li>vom 27.01. &#8211; 10.02. in Ruanda&nbsp;<\/li>\n<\/ul>\n<\/li>\n<\/ul>\n<p>&nbsp;<\/p>\n<hr>\n<h6><span style=\"color: #000000;\">Vergangene&nbsp;Termine:<\/span><\/h6>\n<ul>\n<li>Unsere Projektreise 2024\n<ul>\n<li>im November &#8211; Ruanda und Uganda<\/li>\n<\/ul>\n<\/li>\n<\/ul>\n<ul>\n<li>Unsere Projektreisen 2023\n<ul>\n<li>im Februar &#8211; DR Kongo ( Region Beni\/Kanango\/Nobili)<\/li>\n<li>im M\u00e4rz &#8211; Ruanda<\/li>\n<li>im Mai &#8211; Ruanda<\/li>\n<li>im Oktober &#8211; Ruanda<\/li>\n<\/ul>\n<\/li>\n<\/ul>\n<p>&nbsp;<\/p>\n<ul>\n<li>Unsere letzte Projektreise fand vom 13. M\u00e4rz- 28. M\u00e4rz 2020 statt !\n<ul>\n<li>Es war sehr spannend, da wir w\u00e4hrend des ruandischen Corona-Lockdown vor Ort waren und die schlimmen Auswirkungen f\u00fcr die Menschen vor Ort besser einsch\u00e4tzen k\u00f6nnen.<\/li>\n<\/ul>\n<\/li>\n<li><span style=\"text-align: left; color: #000000; text-transform: none; text-indent: 0px; letter-spacing: normal; font-family: 'Raleway',sans-serif; font-size: 16px; font-style: normal; font-variant: normal; font-weight: 400; text-decoration: none; word-spacing: 0px; display: inline !important; white-space: normal; cursor: text; orphans: 2; float: none; -webkit-text-stroke-width: 0px; background-color: #ffffff;\">Unsere letzte Projektreise fand vom 29.Juni &#8211; 24.Juli 2019 statt<\/span><\/li>\n<li><span style=\"color: #000000;\">Besuch aus der DR&nbsp;Kongo vom 22.Juni &#8211; 24. Juni 2018<\/span><br><span style=\"color: #000000;\">Uns besucht im Rahmen eines Mitgliedertreffens von God Cares der Parlamentarier Albert Kadukima Baliesima aus der DR Kongo mit seiner Frau Martha. Er ist Abgeordneter der B\u00fcrgerkriegsregion Nord-Kivu im Parlament der Hauptstadt Kinshasa.<\/span><\/li>\n<li><span style=\"color: #000000;\">Unserer Projektreise 2018 fand vom 12. April bis zum 06. Mai statt !&nbsp;<\/span><\/li>\n<\/ul>\n<hr>\n<ul>\n<li><span style=\"color: #000000;\">Am Samstag, den 10.12.2016 in der JHG- Fulda <\/span><span style=\"color: #000000;\">von 14:00 &#8211; 18:30 Uhr<\/span><\/li>\n<\/ul>\n<p><span style=\"color: #000000;\">&nbsp;&nbsp;&nbsp;&nbsp;&nbsp;&nbsp;&nbsp; Frank und Ute Paul von der \u00f6kumenischen Kommunit\u00e4t <span style=\"color: #000080;\"><a style=\"color: #000080;\" href=\"https:\/\/www.ojc.de\/\" target=\"_blank\" rel=\"noopener noreferrer\">\u201cOffensive junger Christen\u201d (OJC)<\/a><\/span> in&nbsp;&nbsp;&nbsp;&nbsp;&nbsp;&nbsp; <\/span><\/p>\n<p><span style=\"color: #000000;\">&nbsp;&nbsp;&nbsp;&nbsp;&nbsp;&nbsp;&nbsp; Reichelsheim gestalten mit uns ein Seminar zum Thema:<\/span><\/p>\n<p><span style=\"color: #000000;\"><span style=\"margin: 0px; color: black; font-family: 'Calibri','sans-serif'; font-size: 13.5pt;\">&nbsp;&nbsp;&nbsp;&nbsp;&nbsp;&nbsp;&nbsp; Die Fremden verstehen &#8211; Schritte auf dem Weg zu respektvoller Begegnung<\/span><\/span><\/p>\n<ul>\n<li style=\"text-align: left;\"><span style=\"text-decoration: underline;\"><span style=\"color: #000000; font-family: 'Arial',sans-serif; font-size: 10pt; text-decoration: underline;\">Besuch aus der DR&nbsp;Kongo vom 10.Juni &#8211; 12. Juni 2016<\/span><\/span><\/li>\n<\/ul>\n<p><span style=\"color: #000000; font-family: 'Arial',sans-serif; font-size: 10pt;\">Uns besuchte im Rahmen eines Mitgliedertreffens von God Cares der Parlamentarier Albert Kadukima Baliesima aus der DR Kongo mit seiner Frau Martha. <\/span><span style=\"font-family: 'Arial',sans-serif; font-size: 10pt;\"><span style=\"color: #000000;\">Er ist Abgeordneter der B\u00fcrgerkriegsregion Nord-Kivu im<\/span> <span style=\"color: #000000;\">Parlament der Hauptstadt Kinshasa.<\/span><\/span><\/p>\n<p><span style=\"color: #000000; font-family: 'Arial',sans-serif; font-size: 10pt;\">&nbsp;<\/span><\/p>\n<p><span style=\"color: #000000;\"><span style=\"font-family: 'Arial',sans-serif; font-size: 10pt;\">&nbsp;<\/span><\/span><\/p>\n<p><span style=\"font-family: 'Calibri',sans-serif;\">&nbsp;<\/span><\/p>\n<p><span style=\"font-family: 'Calibri',sans-serif;\">&nbsp;<\/span><\/p>\n<p><span style=\"font-family: 'Arial',sans-serif; font-size: 10pt;\">&nbsp;<\/span><\/p>\n<p><span style=\"font-family: 'Calibri',sans-serif;\">&nbsp;<\/span><\/p>\n\n\n<p><\/p>\n","protected":false},"excerpt":{"rendered":"<p>Willkommen auf der Homepage von God Cares e.V. &nbsp; &nbsp; &nbsp; &nbsp; &nbsp; &nbsp; &nbsp; &nbsp; &nbsp; &nbsp; &nbsp; God&hellip;<\/p>\n","protected":false},"author":1,"featured_media":0,"parent":0,"menu_order":0,"comment_status":"closed","ping_status":"closed","template":"","meta":{"ngg_post_thumbnail":0,"footnotes":""},"class_list":["post-2","page","type-page","status-publish","hentry"],"_links":{"self":[{"href":"https:\/\/godcares.de\/index.php\/wp-json\/wp\/v2\/pages\/2","targetHints":{"allow":["GET"]}}],"collection":[{"href":"https:\/\/godcares.de\/index.php\/wp-json\/wp\/v2\/pages"}],"about":[{"href":"https:\/\/godcares.de\/index.php\/wp-json\/wp\/v2\/types\/page"}],"author":[{"embeddable":true,"href":"https:\/\/godcares.de\/index.php\/wp-json\/wp\/v2\/users\/1"}],"replies":[{"embeddable":true,"href":"https:\/\/godcares.de\/index.php\/wp-json\/wp\/v2\/comments?post=2"}],"version-history":[{"count":0,"href":"https:\/\/godcares.de\/index.php\/wp-json\/wp\/v2\/pages\/2\/revisions"}],"wp:attachment":[{"href":"https:\/\/godcares.de\/index.php\/wp-json\/wp\/v2\/media?parent=2"}],"curies":[{"name":"wp","href":"https:\/\/api.w.org\/{rel}","templated":true}]}}

Über uns

<h3><strong><span style="color: #000000;">Willkommen auf der Homepage von God Cares e.V.</span></strong><strong><span style="color: #000000;"><a href="http://godcares.de/wp-content/uploads/2016/12/cropped-logo-1.jpg"><img loading="lazy" decoding="async" class="wp-image-1039 alignright" src="http://godcares.de/wp-content/uploads/2016/12/cropped-logo-1.jpg" alt="" width="96" height="96" srcset="https://godcares.de/wp-content/uploads/2016/12/cropped-logo-1.jpg 462w, https://godcares.de/wp-content/uploads/2016/12/cropped-logo-1-150x150.jpg 150w, https://godcares.de/wp-content/uploads/2016/12/cropped-logo-1-300x300.jpg 300w, https://godcares.de/wp-content/uploads/2016/12/cropped-logo-1-230x230.jpg 230w, https://godcares.de/wp-content/uploads/2016/12/cropped-logo-1-350x350.jpg 350w" sizes="auto, (max-width: 96px) 100vw, 96px" /></a></span></strong></h3>
<p><strong><a href="https://godcares.de/wp-content/uploads/2012/05/haende.jpg" target="_blank" rel="noopener noreferrer"><img loading="lazy" decoding="async" class="wp-image-202 alignleft" src="https://godcares.de/wp-content/uploads/2012/05/haende.jpg" alt="Hände" width="532" height="399" srcset="https://godcares.de/wp-content/uploads/2012/05/haende.jpg 320w, https://godcares.de/wp-content/uploads/2012/05/haende-300x225.jpg 300w" sizes="auto, (max-width: 532px) 100vw, 532px" /></a></strong></p>
<p>&nbsp;</p>
<p>&nbsp;</p>
<p>&nbsp;</p>
<p>&nbsp;</p>
<p>&nbsp;</p>
<p>&nbsp;</p>
<p>&nbsp;</p>
<p>&nbsp;</p>
<p>&nbsp;</p>
<p>&nbsp;</p>
<p>&nbsp;</p>
<p>God Cares e.V. ist ein christlicher, überkonfessioneller Verein, der im Gebiet der Großen Afrikanischen Seen aktiv ist. Der Verein wurde im November 2005 gegründet&nbsp;und hat seinen Sitz in Fulda.</p>
<h6>&nbsp;</h6>
<h6><span style="color: #000000;">Aktuelle Termine:</span></h6>
<ul>
<li>Unsere Projektreise 2026
<ul>
<li>vom 27.01. &#8211; 10.02. in Ruanda&nbsp;</li>
</ul>
</li>
</ul>
<p>&nbsp;</p>
<hr>
<h6><span style="color: #000000;">Vergangene&nbsp;Termine:</span></h6>
<ul>
<li>Unsere Projektreise 2024
<ul>
<li>im November &#8211; Ruanda und Uganda</li>
</ul>
</li>
</ul>
<ul>
<li>Unsere Projektreisen 2023
<ul>
<li>im Februar &#8211; DR Kongo ( Region Beni/Kanango/Nobili)</li>
<li>im März &#8211; Ruanda</li>
<li>im Mai &#8211; Ruanda</li>
<li>im Oktober &#8211; Ruanda</li>
</ul>
</li>
</ul>
<p>&nbsp;</p>
<ul>
<li>Unsere letzte Projektreise fand vom 13. März- 28. März 2020 statt !
<ul>
<li>Es war sehr spannend, da wir während des ruandischen Corona-Lockdown vor Ort waren und die schlimmen Auswirkungen für die Menschen vor Ort besser einschätzen können.</li>
</ul>
</li>
<li><span style="text-align: left; color: #000000; text-transform: none; text-indent: 0px; letter-spacing: normal; font-family: 'Raleway',sans-serif; font-size: 16px; font-style: normal; font-variant: normal; font-weight: 400; text-decoration: none; word-spacing: 0px; display: inline !important; white-space: normal; cursor: text; orphans: 2; float: none; -webkit-text-stroke-width: 0px; background-color: #ffffff;">Unsere letzte Projektreise fand vom 29.Juni &#8211; 24.Juli 2019 statt</span></li>
<li><span style="color: #000000;">Besuch aus der DR&nbsp;Kongo vom 22.Juni &#8211; 24. Juni 2018</span><br><span style="color: #000000;">Uns besucht im Rahmen eines Mitgliedertreffens von God Cares der Parlamentarier Albert Kadukima Baliesima aus der DR Kongo mit seiner Frau Martha. Er ist Abgeordneter der Bürgerkriegsregion Nord-Kivu im Parlament der Hauptstadt Kinshasa.</span></li>
<li><span style="color: #000000;">Unserer Projektreise 2018 fand vom 12. April bis zum 06. Mai statt !&nbsp;</span></li>
</ul>
<hr>
<ul>
<li><span style="color: #000000;">Am Samstag, den 10.12.2016 in der JHG- Fulda </span><span style="color: #000000;">von 14:00 &#8211; 18:30 Uhr</span></li>
</ul>
<p><span style="color: #000000;">&nbsp;&nbsp;&nbsp;&nbsp;&nbsp;&nbsp;&nbsp; Frank und Ute Paul von der ökumenischen Kommunität <span style="color: #000080;"><a style="color: #000080;" href="https://www.ojc.de/" target="_blank" rel="noopener noreferrer">“Offensive junger Christen” (OJC)</a></span> in&nbsp;&nbsp;&nbsp;&nbsp;&nbsp;&nbsp; </span></p>
<p><span style="color: #000000;">&nbsp;&nbsp;&nbsp;&nbsp;&nbsp;&nbsp;&nbsp; Reichelsheim gestalten mit uns ein Seminar zum Thema:</span></p>
<p><span style="color: #000000;"><span style="margin: 0px; color: black; font-family: 'Calibri','sans-serif'; font-size: 13.5pt;">&nbsp;&nbsp;&nbsp;&nbsp;&nbsp;&nbsp;&nbsp; Die Fremden verstehen &#8211; Schritte auf dem Weg zu respektvoller Begegnung</span></span></p>
<ul>
<li style="text-align: left;"><span style="text-decoration: underline;"><span style="color: #000000; font-family: 'Arial',sans-serif; font-size: 10pt; text-decoration: underline;">Besuch aus der DR&nbsp;Kongo vom 10.Juni &#8211; 12. Juni 2016</span></span></li>
</ul>
<p><span style="color: #000000; font-family: 'Arial',sans-serif; font-size: 10pt;">Uns besuchte im Rahmen eines Mitgliedertreffens von God Cares der Parlamentarier Albert Kadukima Baliesima aus der DR Kongo mit seiner Frau Martha. </span><span style="font-family: 'Arial',sans-serif; font-size: 10pt;"><span style="color: #000000;">Er ist Abgeordneter der Bürgerkriegsregion Nord-Kivu im</span> <span style="color: #000000;">Parlament der Hauptstadt Kinshasa.</span></span></p>
<p><span style="color: #000000; font-family: 'Arial',sans-serif; font-size: 10pt;">&nbsp;</span></p>
<p><span style="color: #000000;"><span style="font-family: 'Arial',sans-serif; font-size: 10pt;">&nbsp;</span></span></p>
<p><span style="font-family: 'Calibri',sans-serif;">&nbsp;</span></p>
<p><span style="font-family: 'Calibri',sans-serif;">&nbsp;</span></p>
<p><span style="font-family: 'Arial',sans-serif; font-size: 10pt;">&nbsp;</span></p>
<p><span style="font-family: 'Calibri',sans-serif;">&nbsp;</span></p>


<p></p>
