{"id":140,"date":"2014-06-14T19:27:28","date_gmt":"2014-06-14T19:27:28","guid":{"rendered":"http:\/\/godcares.vereins-hosting.de\/?page_id=140"},"modified":"2018-08-16T06:27:40","modified_gmt":"2018-08-16T06:27:40","slug":"earp-europe-africa-reconciliation-process","status":"publish","type":"page","link":"https:\/\/godcares.de\/index.php\/earp-europe-africa-reconciliation-process\/","title":{"rendered":"EARP"},"content":{"rendered":"<p><strong>Berlin 1884:<\/strong><\/p>\n<p>Die Kolonialm\u00e4chte Europas einschlie\u00dflich USA und T\u00fcrkei teilen den afrikanischen Kontinent unter sich auf. Der deutsche Kanzler Otto Graf Bismarck hatte zu dieser &#8222;Kongo-Konferenz&#8220; eingeladen. Am gro\u00dfen ovalen Verhandlungstisch sa\u00df kein einziger Afrikaner!<\/p>\n<div id=\"attachment_965\" style=\"width: 867px\" class=\"wp-caption alignleft\"><a href=\"http:\/\/godcares.de\/wp-content\/uploads\/2018\/07\/Berlinkonferenz-1884.jpg\"><img loading=\"lazy\" decoding=\"async\" aria-describedby=\"caption-attachment-965\" class=\" wp-image-965\" src=\"http:\/\/godcares.de\/wp-content\/uploads\/2018\/07\/Berlinkonferenz-1884-1024x787.jpg\" alt=\"\" width=\"857\" height=\"659\" srcset=\"https:\/\/godcares.de\/wp-content\/uploads\/2018\/07\/Berlinkonferenz-1884-1024x787.jpg 1024w, https:\/\/godcares.de\/wp-content\/uploads\/2018\/07\/Berlinkonferenz-1884-300x231.jpg 300w, https:\/\/godcares.de\/wp-content\/uploads\/2018\/07\/Berlinkonferenz-1884-768x590.jpg 768w, https:\/\/godcares.de\/wp-content\/uploads\/2018\/07\/Berlinkonferenz-1884-600x461.jpg 600w, https:\/\/godcares.de\/wp-content\/uploads\/2018\/07\/Berlinkonferenz-1884-830x638.jpg 830w, https:\/\/godcares.de\/wp-content\/uploads\/2018\/07\/Berlinkonferenz-1884-230x177.jpg 230w, https:\/\/godcares.de\/wp-content\/uploads\/2018\/07\/Berlinkonferenz-1884-350x269.jpg 350w, https:\/\/godcares.de\/wp-content\/uploads\/2018\/07\/Berlinkonferenz-1884-480x369.jpg 480w, https:\/\/godcares.de\/wp-content\/uploads\/2018\/07\/Berlinkonferenz-1884.jpg 1089w\" sizes=\"auto, (max-width: 857px) 100vw, 857px\" \/><\/a><p id=\"caption-attachment-965\" class=\"wp-caption-text\">zeitgen\u00f6ssisches Bild von der Konferenz<\/p><\/div>\n<p>Zweck der Konferenz war es, in dem allgemeinen Kolonialdurcheinander in Afrika die Kontrolle zur\u00fcck zu gewinnen. Die damals auf der Konferenz festgelegten Grenzen gelten gr\u00f6\u00dftenteils bis heute! Sie wurden&nbsp;ohne R\u00fccksicht auf ethnische Besiedelung, Stammesterritorien oder Migrationsbewegungen gezogen. So mancher Grenzkonflikt, der heute in Afrika ausgefochten wird, geht darauf zur\u00fcck!Diese Konferenz von 1884 brachte f\u00fcr den afrikanischen Kontinent viel Leid, Ungerechtigkeit, Ausbeutung, Willk\u00fcr und Krieg.<\/p>\n<p>Wir Europ\u00e4er haben w\u00e4hrend der Kolonialgeschichte Schuld auf uns geladen und tun dies zum gro\u00dfen Teil bis heute (z.B. durch ungerechte Wirtschaftsordnungen; Entwicklungshilfen deren Rahmenbedingungen mehr Vorteile f\u00fcr uns Europ\u00e4er als f\u00fcr die Afrikaner bringen; Nicht- oder zu sp\u00e4tes Eingreifen in regionale Kriege oder V\u00f6lkermorde, deren Wurzeln wir mit zu verantworten haben (siehe Genozid in Ruanda 1994).<\/p>\n<p>Das gr\u00f6\u00dfte \u00dcbel von Sklaverei und Kolonialismus war (ist) die Tatsache, dass wir den Afrikaner ihre W\u00fcrde genommen haben! Ausgehend&nbsp;von einem klaren Reden Gottes haben europ\u00e4ische christliche Leiter afrikanischen Leitern gegen\u00fcber diese Schuld bekannt, daf\u00fcr (stellvertretend) Verantwortung \u00fcbernommen und um Vergebung gebeten. Somit wurde der &#8222;European-Africa-Reconciliation-Process (EARP) geboren.<\/p>\n<p>Dies geschah auf einer Konferenz im November 2005 in Berlin, an der wir mit einigen&nbsp;Personen teilgenommen haben. Mittlerweile gab es&nbsp;vier gro\u00dfe Konferenzen auf dem afrikanischen Kontinent. Sie fanden in Harare (Zimbabwe), Libreville (Gabun),&nbsp;Kinshasa (DR Kongo) und Muhanga (Ruanda) statt. <u><\/u><\/p>\n<p>Ziel der Konferenzen war es, die Botschaft und das Geschehene von Berlin auf den afrikanischen Kontinent zu bringen. Das kam sowohl bei den Kirchen- als auch&nbsp;bei den politischen F\u00fchrern sehr gut an. Bei der Konferenz in Muhanga war&nbsp;der Vorsitzende von God Cares e.V.-&nbsp;Wolfgang Weihofen&nbsp;&#8211; als Mitglied der europ\u00e4ischen Delegation dabei.<\/p>\n<p>Eines unserer Hauptanliegen bei God Cares ist es, den Vers\u00f6hnungsprozess zwischen Afrikanern und Europ\u00e4ern aktiv zu f\u00f6rdern. Wir tun dies, indem wir vor Ort w\u00e4hrend unserer Reisen in Ruanda und im Ostkongo bei Seminaren, in Kirchengemeinden oder beim Besuch von Schulen die Schuld und das Versagen von uns Europ\u00e4ern detailliert benennen und um Vergebung bitten. Manchmal waschen wir als Zeichen der Demut den Menschen anschlie\u00dfend die F\u00fc\u00dfe.<\/p>\n<p>Die Reaktionen der Menschen vor Ort zeigen, wie wichtig diese Initiative ist. Viele k\u00f6nnen es schier nicht aushalten, wenn wir auf dem Boden liegend Bu\u00dfe tun. Sie sagen uns, dass sie so etwas noch nicht gesehen haben. Unter vielen Tr\u00e4nen wird uns Vergebung zugesprochen. Manche haben schon lange auf ein solches europ\u00e4isches Bekenntnis gewartet, aber nicht daran geglaubt!<\/p>\n<p>Viele werden durch dieses Bekenntnis frei von Vorurteilen und Bitterkeit, die sie gegen\u00fcber Menschen mit wei\u00dfer Hautfarbe haben. Es tr\u00e4gt zur Heilung bei.<\/p>\n<div id=\"attachment_974\" style=\"width: 1034px\" class=\"wp-caption alignleft\"><a href=\"http:\/\/godcares.de\/wp-content\/uploads\/2018\/07\/Vergebung.jpg\"><img loading=\"lazy\" decoding=\"async\" aria-describedby=\"caption-attachment-974\" class=\"size-large wp-image-974\" src=\"http:\/\/godcares.de\/wp-content\/uploads\/2018\/07\/Vergebung-1024x576.jpg\" alt=\"\" width=\"1024\" height=\"576\" srcset=\"https:\/\/godcares.de\/wp-content\/uploads\/2018\/07\/Vergebung.jpg 1024w, https:\/\/godcares.de\/wp-content\/uploads\/2018\/07\/Vergebung-300x169.jpg 300w, https:\/\/godcares.de\/wp-content\/uploads\/2018\/07\/Vergebung-768x432.jpg 768w, https:\/\/godcares.de\/wp-content\/uploads\/2018\/07\/Vergebung-600x338.jpg 600w, https:\/\/godcares.de\/wp-content\/uploads\/2018\/07\/Vergebung-830x467.jpg 830w, https:\/\/godcares.de\/wp-content\/uploads\/2018\/07\/Vergebung-230x129.jpg 230w, https:\/\/godcares.de\/wp-content\/uploads\/2018\/07\/Vergebung-350x197.jpg 350w, https:\/\/godcares.de\/wp-content\/uploads\/2018\/07\/Vergebung-480x270.jpg 480w\" sizes=\"auto, (max-width: 1024px) 100vw, 1024px\" \/><\/a><p id=\"caption-attachment-974\" class=\"wp-caption-text\">Vergebung<\/p><\/div>\n<p>&nbsp;<\/p>\n<div id=\"attachment_973\" style=\"width: 1034px\" class=\"wp-caption alignleft\"><a href=\"http:\/\/godcares.de\/wp-content\/uploads\/2018\/07\/Fu\u00dfwaschung.jpg\"><img loading=\"lazy\" decoding=\"async\" aria-describedby=\"caption-attachment-973\" class=\"size-large wp-image-973\" src=\"http:\/\/godcares.de\/wp-content\/uploads\/2018\/07\/Fu\u00dfwaschung-1024x576.jpg\" alt=\"\" width=\"1024\" height=\"576\" srcset=\"https:\/\/godcares.de\/wp-content\/uploads\/2018\/07\/Fu\u00dfwaschung.jpg 1024w, https:\/\/godcares.de\/wp-content\/uploads\/2018\/07\/Fu\u00dfwaschung-300x169.jpg 300w, https:\/\/godcares.de\/wp-content\/uploads\/2018\/07\/Fu\u00dfwaschung-768x432.jpg 768w, https:\/\/godcares.de\/wp-content\/uploads\/2018\/07\/Fu\u00dfwaschung-600x338.jpg 600w, https:\/\/godcares.de\/wp-content\/uploads\/2018\/07\/Fu\u00dfwaschung-830x467.jpg 830w, https:\/\/godcares.de\/wp-content\/uploads\/2018\/07\/Fu\u00dfwaschung-230x129.jpg 230w, https:\/\/godcares.de\/wp-content\/uploads\/2018\/07\/Fu\u00dfwaschung-350x197.jpg 350w, https:\/\/godcares.de\/wp-content\/uploads\/2018\/07\/Fu\u00dfwaschung-480x270.jpg 480w\" sizes=\"auto, (max-width: 1024px) 100vw, 1024px\" \/><\/a><p id=\"caption-attachment-973\" class=\"wp-caption-text\">Fu\u00dfwaschung<\/p><\/div>\n<p class=\"wp-caption-dd\">&nbsp;<\/p>\n<div id=\"attachment_971\" style=\"width: 1034px\" class=\"wp-caption alignleft\"><a href=\"http:\/\/godcares.de\/wp-content\/uploads\/2018\/07\/Bu\u00dfe-2.jpg\"><img loading=\"lazy\" decoding=\"async\" aria-describedby=\"caption-attachment-971\" class=\"size-large wp-image-971\" src=\"http:\/\/godcares.de\/wp-content\/uploads\/2018\/07\/Bu\u00dfe-2-1024x576.jpg\" alt=\"\" width=\"1024\" height=\"576\" srcset=\"https:\/\/godcares.de\/wp-content\/uploads\/2018\/07\/Bu\u00dfe-2.jpg 1024w, https:\/\/godcares.de\/wp-content\/uploads\/2018\/07\/Bu\u00dfe-2-300x169.jpg 300w, https:\/\/godcares.de\/wp-content\/uploads\/2018\/07\/Bu\u00dfe-2-768x432.jpg 768w, https:\/\/godcares.de\/wp-content\/uploads\/2018\/07\/Bu\u00dfe-2-600x338.jpg 600w, https:\/\/godcares.de\/wp-content\/uploads\/2018\/07\/Bu\u00dfe-2-830x467.jpg 830w, https:\/\/godcares.de\/wp-content\/uploads\/2018\/07\/Bu\u00dfe-2-230x129.jpg 230w, https:\/\/godcares.de\/wp-content\/uploads\/2018\/07\/Bu\u00dfe-2-350x197.jpg 350w, https:\/\/godcares.de\/wp-content\/uploads\/2018\/07\/Bu\u00dfe-2-480x270.jpg 480w\" sizes=\"auto, (max-width: 1024px) 100vw, 1024px\" \/><\/a><p id=\"caption-attachment-971\" class=\"wp-caption-text\">Bekenntnis<\/p><\/div>\n<p>&nbsp;<\/p>\n<p>&nbsp;<\/p>\n","protected":false},"excerpt":{"rendered":"<p>Berlin 1884: Die Kolonialm\u00e4chte Europas einschlie\u00dflich USA und T\u00fcrkei teilen den afrikanischen Kontinent unter sich auf. Der deutsche Kanzler Otto&hellip;<\/p>\n","protected":false},"author":1,"featured_media":0,"parent":0,"menu_order":0,"comment_status":"closed","ping_status":"closed","template":"","meta":{"ngg_post_thumbnail":0,"footnotes":""},"class_list":["post-140","page","type-page","status-publish","hentry"],"_links":{"self":[{"href":"https:\/\/godcares.de\/index.php\/wp-json\/wp\/v2\/pages\/140","targetHints":{"allow":["GET"]}}],"collection":[{"href":"https:\/\/godcares.de\/index.php\/wp-json\/wp\/v2\/pages"}],"about":[{"href":"https:\/\/godcares.de\/index.php\/wp-json\/wp\/v2\/types\/page"}],"author":[{"embeddable":true,"href":"https:\/\/godcares.de\/index.php\/wp-json\/wp\/v2\/users\/1"}],"replies":[{"embeddable":true,"href":"https:\/\/godcares.de\/index.php\/wp-json\/wp\/v2\/comments?post=140"}],"version-history":[{"count":0,"href":"https:\/\/godcares.de\/index.php\/wp-json\/wp\/v2\/pages\/140\/revisions"}],"wp:attachment":[{"href":"https:\/\/godcares.de\/index.php\/wp-json\/wp\/v2\/media?parent=140"}],"curies":[{"name":"wp","href":"https:\/\/api.w.org\/{rel}","templated":true}]}}

<p><strong>Berlin 1884:</strong></p>
<p>Die Kolonialmächte Europas einschließlich USA und Türkei teilen den afrikanischen Kontinent unter sich auf. Der deutsche Kanzler Otto Graf Bismarck hatte zu dieser &#8222;Kongo-Konferenz&#8220; eingeladen. Am großen ovalen Verhandlungstisch saß kein einziger Afrikaner!</p>
<div id="attachment_965" style="width: 867px" class="wp-caption alignleft"><a href="http://godcares.de/wp-content/uploads/2018/07/Berlinkonferenz-1884.jpg"><img loading="lazy" decoding="async" aria-describedby="caption-attachment-965" class=" wp-image-965" src="http://godcares.de/wp-content/uploads/2018/07/Berlinkonferenz-1884-1024x787.jpg" alt="" width="857" height="659" srcset="https://godcares.de/wp-content/uploads/2018/07/Berlinkonferenz-1884-1024x787.jpg 1024w, https://godcares.de/wp-content/uploads/2018/07/Berlinkonferenz-1884-300x231.jpg 300w, https://godcares.de/wp-content/uploads/2018/07/Berlinkonferenz-1884-768x590.jpg 768w, https://godcares.de/wp-content/uploads/2018/07/Berlinkonferenz-1884-600x461.jpg 600w, https://godcares.de/wp-content/uploads/2018/07/Berlinkonferenz-1884-830x638.jpg 830w, https://godcares.de/wp-content/uploads/2018/07/Berlinkonferenz-1884-230x177.jpg 230w, https://godcares.de/wp-content/uploads/2018/07/Berlinkonferenz-1884-350x269.jpg 350w, https://godcares.de/wp-content/uploads/2018/07/Berlinkonferenz-1884-480x369.jpg 480w, https://godcares.de/wp-content/uploads/2018/07/Berlinkonferenz-1884.jpg 1089w" sizes="auto, (max-width: 857px) 100vw, 857px" /></a><p id="caption-attachment-965" class="wp-caption-text">zeitgenössisches Bild von der Konferenz</p></div>
<p>Zweck der Konferenz war es, in dem allgemeinen Kolonialdurcheinander in Afrika die Kontrolle zurück zu gewinnen. Die damals auf der Konferenz festgelegten Grenzen gelten größtenteils bis heute! Sie wurden&nbsp;ohne Rücksicht auf ethnische Besiedelung, Stammesterritorien oder Migrationsbewegungen gezogen. So mancher Grenzkonflikt, der heute in Afrika ausgefochten wird, geht darauf zurück!Diese Konferenz von 1884 brachte für den afrikanischen Kontinent viel Leid, Ungerechtigkeit, Ausbeutung, Willkür und Krieg.</p>
<p>Wir Europäer haben während der Kolonialgeschichte Schuld auf uns geladen und tun dies zum großen Teil bis heute (z.B. durch ungerechte Wirtschaftsordnungen; Entwicklungshilfen deren Rahmenbedingungen mehr Vorteile für uns Europäer als für die Afrikaner bringen; Nicht- oder zu spätes Eingreifen in regionale Kriege oder Völkermorde, deren Wurzeln wir mit zu verantworten haben (siehe Genozid in Ruanda 1994).</p>
<p>Das größte Übel von Sklaverei und Kolonialismus war (ist) die Tatsache, dass wir den Afrikaner ihre Würde genommen haben! Ausgehend&nbsp;von einem klaren Reden Gottes haben europäische christliche Leiter afrikanischen Leitern gegenüber diese Schuld bekannt, dafür (stellvertretend) Verantwortung übernommen und um Vergebung gebeten. Somit wurde der &#8222;European-Africa-Reconciliation-Process (EARP) geboren.</p>
<p>Dies geschah auf einer Konferenz im November 2005 in Berlin, an der wir mit einigen&nbsp;Personen teilgenommen haben. Mittlerweile gab es&nbsp;vier große Konferenzen auf dem afrikanischen Kontinent. Sie fanden in Harare (Zimbabwe), Libreville (Gabun),&nbsp;Kinshasa (DR Kongo) und Muhanga (Ruanda) statt. <u></u></p>
<p>Ziel der Konferenzen war es, die Botschaft und das Geschehene von Berlin auf den afrikanischen Kontinent zu bringen. Das kam sowohl bei den Kirchen- als auch&nbsp;bei den politischen Führern sehr gut an. Bei der Konferenz in Muhanga war&nbsp;der Vorsitzende von God Cares e.V.-&nbsp;Wolfgang Weihofen&nbsp;&#8211; als Mitglied der europäischen Delegation dabei.</p>
<p>Eines unserer Hauptanliegen bei God Cares ist es, den Versöhnungsprozess zwischen Afrikanern und Europäern aktiv zu fördern. Wir tun dies, indem wir vor Ort während unserer Reisen in Ruanda und im Ostkongo bei Seminaren, in Kirchengemeinden oder beim Besuch von Schulen die Schuld und das Versagen von uns Europäern detailliert benennen und um Vergebung bitten. Manchmal waschen wir als Zeichen der Demut den Menschen anschließend die Füße.</p>
<p>Die Reaktionen der Menschen vor Ort zeigen, wie wichtig diese Initiative ist. Viele können es schier nicht aushalten, wenn wir auf dem Boden liegend Buße tun. Sie sagen uns, dass sie so etwas noch nicht gesehen haben. Unter vielen Tränen wird uns Vergebung zugesprochen. Manche haben schon lange auf ein solches europäisches Bekenntnis gewartet, aber nicht daran geglaubt!</p>
<p>Viele werden durch dieses Bekenntnis frei von Vorurteilen und Bitterkeit, die sie gegenüber Menschen mit weißer Hautfarbe haben. Es trägt zur Heilung bei.</p>
<div id="attachment_974" style="width: 1034px" class="wp-caption alignleft"><a href="http://godcares.de/wp-content/uploads/2018/07/Vergebung.jpg"><img loading="lazy" decoding="async" aria-describedby="caption-attachment-974" class="size-large wp-image-974" src="http://godcares.de/wp-content/uploads/2018/07/Vergebung-1024x576.jpg" alt="" width="1024" height="576" srcset="https://godcares.de/wp-content/uploads/2018/07/Vergebung.jpg 1024w, https://godcares.de/wp-content/uploads/2018/07/Vergebung-300x169.jpg 300w, https://godcares.de/wp-content/uploads/2018/07/Vergebung-768x432.jpg 768w, https://godcares.de/wp-content/uploads/2018/07/Vergebung-600x338.jpg 600w, https://godcares.de/wp-content/uploads/2018/07/Vergebung-830x467.jpg 830w, https://godcares.de/wp-content/uploads/2018/07/Vergebung-230x129.jpg 230w, https://godcares.de/wp-content/uploads/2018/07/Vergebung-350x197.jpg 350w, https://godcares.de/wp-content/uploads/2018/07/Vergebung-480x270.jpg 480w" sizes="auto, (max-width: 1024px) 100vw, 1024px" /></a><p id="caption-attachment-974" class="wp-caption-text">Vergebung</p></div>
<p>&nbsp;</p>
<div id="attachment_973" style="width: 1034px" class="wp-caption alignleft"><a href="http://godcares.de/wp-content/uploads/2018/07/Fußwaschung.jpg"><img loading="lazy" decoding="async" aria-describedby="caption-attachment-973" class="size-large wp-image-973" src="http://godcares.de/wp-content/uploads/2018/07/Fußwaschung-1024x576.jpg" alt="" width="1024" height="576" srcset="https://godcares.de/wp-content/uploads/2018/07/Fußwaschung.jpg 1024w, https://godcares.de/wp-content/uploads/2018/07/Fußwaschung-300x169.jpg 300w, https://godcares.de/wp-content/uploads/2018/07/Fußwaschung-768x432.jpg 768w, https://godcares.de/wp-content/uploads/2018/07/Fußwaschung-600x338.jpg 600w, https://godcares.de/wp-content/uploads/2018/07/Fußwaschung-830x467.jpg 830w, https://godcares.de/wp-content/uploads/2018/07/Fußwaschung-230x129.jpg 230w, https://godcares.de/wp-content/uploads/2018/07/Fußwaschung-350x197.jpg 350w, https://godcares.de/wp-content/uploads/2018/07/Fußwaschung-480x270.jpg 480w" sizes="auto, (max-width: 1024px) 100vw, 1024px" /></a><p id="caption-attachment-973" class="wp-caption-text">Fußwaschung</p></div>
<p class="wp-caption-dd">&nbsp;</p>
<div id="attachment_971" style="width: 1034px" class="wp-caption alignleft"><a href="http://godcares.de/wp-content/uploads/2018/07/Buße-2.jpg"><img loading="lazy" decoding="async" aria-describedby="caption-attachment-971" class="size-large wp-image-971" src="http://godcares.de/wp-content/uploads/2018/07/Buße-2-1024x576.jpg" alt="" width="1024" height="576" srcset="https://godcares.de/wp-content/uploads/2018/07/Buße-2.jpg 1024w, https://godcares.de/wp-content/uploads/2018/07/Buße-2-300x169.jpg 300w, https://godcares.de/wp-content/uploads/2018/07/Buße-2-768x432.jpg 768w, https://godcares.de/wp-content/uploads/2018/07/Buße-2-600x338.jpg 600w, https://godcares.de/wp-content/uploads/2018/07/Buße-2-830x467.jpg 830w, https://godcares.de/wp-content/uploads/2018/07/Buße-2-230x129.jpg 230w, https://godcares.de/wp-content/uploads/2018/07/Buße-2-350x197.jpg 350w, https://godcares.de/wp-content/uploads/2018/07/Buße-2-480x270.jpg 480w" sizes="auto, (max-width: 1024px) 100vw, 1024px" /></a><p id="caption-attachment-971" class="wp-caption-text">Bekenntnis</p></div>
<p>&nbsp;</p>
<p>&nbsp;</p>

<p>Berlin 1884: Die Kolonialmächte Europas einschließlich USA und Türkei teilen den afrikanischen Kontinent unter sich auf. Der deutsche Kanzler Otto&hellip;</p>
